{"id":96,"date":"2020-04-20T12:59:55","date_gmt":"2020-04-20T12:59:55","guid":{"rendered":"http:\/\/x-bm.ch\/?page_id=96"},"modified":"2020-04-20T14:13:57","modified_gmt":"2020-04-20T14:13:57","slug":"dienstleistungen","status":"publish","type":"page","link":"http:\/\/x-bm.ch\/?page_id=96","title":{"rendered":"Dienstleistungen"},"content":{"rendered":"\n<div data-label=\"Portfolio\" data-id=\"portfolio--1\" data-export-id=\"portfolio-1\" data-category=\"portfolio\" class=\"portfolio-1 content-section content-section-spacing-large\" id=\"portfolio-1\" style=\"background-color: rgb(255, 255, 255);\"><div class=\"gridContainer\"> <div class=\"row text-center\"><div class=\"section-title-col\" data-type=\"column\"> <h2 class=\"\">Portfolio<\/h2> <p class=\"lead\">With the Internet spreading linke wildfire and reaching every part of our daily life, more and more traffic is directed to websites in search for information.<\/p><\/div> <\/div> <div data-type=\"row\" class=\"row spaced-cols content-center-sm\" data-fixed=\"true\"> <div class=\"col-xs-12 col-sm-4\"> <div class=\"contentswap-effect visible contentswap-overlay\" data-hover-fx=\"portfolio-1\" style=\"float: none; margin: 0px; width: 100%;\"> <div class=\"initial-image\" style=\"float: none; margin: 0px;\"> <img decoding=\"async\" data-size=\"381x254\" src=\"http:\/\/extendthemes.com\/assets\/materialis\/sections-images\/portfolio-1.jpg\"><\/div> <div class=\"overlay grad-180-transparent-color-black\" style=\"display: block; transition: opacity 800ms ease 0s; -webkit-transition-timing-function: ease; -moz-transition-timing-function: ease; -o-transition-timing-function: ease; transition-timing-function: ease;\"><\/div> <div class=\"swap-inner col-xs-12\" style=\"display: block; transition: all 800ms ease 0s; background-color: rgba(0, 0, 0, 0); margin-top: 0px;\"> <div class=\"row full-height-row bottom-xs\"> <div class=\"col-xs-12 color1 content-holder\"> <h4 class=\"inverted font-500\">Wohnen<\/h4> <a href=\"#\" class=\"inverted italic p small\" target=\"_self\" data-cp-link=\"1\" rel=\"noopener noreferrer\"><\/a><\/div> <\/div><\/div> <\/div><\/div> <div class=\"col-xs-12 col-sm-4\"><div class=\"contentswap-effect visible contentswap-overlay\" data-hover-fx=\"portfolio-1\" style=\"float: none; margin: 0px; width: 100%;\"> <div class=\"initial-image\" style=\"float: none; margin: 0px;\"> <img decoding=\"async\" data-size=\"381x254\" src=\"http:\/\/extendthemes.com\/assets\/materialis\/sections-images\/portfolio-2.jpg\"><\/div> <div class=\"overlay grad-180-transparent-color-black\" style=\"display: block; transition: opacity 800ms ease 0s; -webkit-transition-timing-function: ease; -moz-transition-timing-function: ease; -o-transition-timing-function: ease; transition-timing-function: ease;\"><\/div> <div class=\"swap-inner col-xs-12\" style=\"display: block; transition: all 800ms ease 0s; background-color: rgba(0, 0, 0, 0); margin-top: 0px;\"> <div class=\"row full-height-row bottom-xs\"> <div class=\"col-xs-12 color1 content-holder\"> <h4 class=\"inverted font-500\">B\u00fcro<\/h4> <a href=\"#\" class=\"inverted italic p small\" target=\"_self\" data-cp-link=\"1\" rel=\"noopener noreferrer\"><\/a><\/div> <\/div><\/div> <\/div><\/div> <div class=\"col-xs-12 col-sm-4\"><div class=\"contentswap-effect visible contentswap-overlay\" data-hover-fx=\"portfolio-1\" style=\"float: none; margin: 0px; width: 100%;\"> <div class=\"initial-image\" style=\"float: none; margin: 0px;\"> <img decoding=\"async\" data-size=\"381x254\" src=\"http:\/\/extendthemes.com\/assets\/materialis\/sections-images\/portfolio-3.jpg\"><\/div> <div class=\"overlay grad-180-transparent-color-black\" style=\"display: block; transition: opacity 800ms ease 0s; -webkit-transition-timing-function: ease; -moz-transition-timing-function: ease; -o-transition-timing-function: ease; transition-timing-function: ease;\"><\/div> <div class=\"swap-inner col-xs-12\" style=\"display: block; transition: all 800ms ease 0s; background-color: rgba(0, 0, 0, 0); margin-top: 0px;\"> <div class=\"row full-height-row bottom-xs\"> <div class=\"col-xs-12 color1 content-holder\"> <h4 class=\"inverted font-500\">Hotel<\/h4> <a href=\"#\" class=\"inverted italic p small\" target=\"_self\" data-cp-link=\"1\" rel=\"noopener noreferrer\"><\/a><\/div> <\/div><\/div> <\/div><\/div> <div class=\"col-xs-12 col-sm-4\"><div class=\"contentswap-effect visible contentswap-overlay\" data-hover-fx=\"portfolio-1\" style=\"float: none; margin: 0px; width: 100%;\"> <div class=\"initial-image\" style=\"float: none; margin: 0px;\"> <img decoding=\"async\" data-size=\"381x254\" src=\"http:\/\/extendthemes.com\/assets\/materialis\/sections-images\/portfolio-4.jpg\"><\/div> <div class=\"overlay grad-180-transparent-color-black\" style=\"display: block; transition: opacity 800ms ease 0s; -webkit-transition-timing-function: ease; -moz-transition-timing-function: ease; -o-transition-timing-function: ease; transition-timing-function: ease;\"><\/div> <div class=\"swap-inner col-xs-12\" style=\"display: block; transition: all 800ms ease 0s; background-color: rgba(0, 0, 0, 0); margin-top: 0px;\"> <div class=\"row full-height-row bottom-xs\"> <div class=\"col-xs-12 color1 content-holder\"> <h4 class=\"inverted font-500\">Gewerbe<\/h4> <a href=\"#\" class=\"inverted italic p small\" target=\"_self\" data-cp-link=\"1\" rel=\"noopener noreferrer\"><\/a><\/div> <\/div><\/div> <\/div><\/div> <div class=\"col-xs-12 col-sm-4\"><div class=\"contentswap-effect visible contentswap-overlay\" data-hover-fx=\"portfolio-1\" style=\"float: none; margin: 0px; width: 100%;\"> <div class=\"initial-image\" style=\"float: none; margin: 0px;\"> <img decoding=\"async\" data-size=\"381x254\" src=\"http:\/\/extendthemes.com\/assets\/materialis\/sections-images\/portfolio-5.jpg\"><\/div> <div class=\"overlay grad-180-transparent-color-black\" style=\"display: block; transition: opacity 800ms ease 0s; -webkit-transition-timing-function: ease; -moz-transition-timing-function: ease; -o-transition-timing-function: ease; transition-timing-function: ease;\"><\/div> <div class=\"swap-inner col-xs-12\" style=\"display: block; transition: all 800ms ease 0s; background-color: rgba(0, 0, 0, 0); margin-top: 0px;\"> <div class=\"row full-height-row bottom-xs\"> <div class=\"col-xs-12 color1 content-holder\"> <h4 class=\"inverted font-500\">Bildung<\/h4> <a href=\"#\" class=\"inverted italic p small\" target=\"_self\" data-cp-link=\"1\" rel=\"noopener noreferrer\"><\/a><\/div> <\/div><\/div> <\/div><\/div> <div class=\"col-xs-12 col-sm-4\"><div class=\"contentswap-effect visible contentswap-overlay\" data-hover-fx=\"portfolio-1\" style=\"float: none; margin: 0px; width: 100%;\"> <div class=\"initial-image\" style=\"float: none; margin: 0px;\"> <img decoding=\"async\" data-size=\"381x254\" src=\"http:\/\/extendthemes.com\/assets\/materialis\/sections-images\/portfolio-6.jpg\"><\/div> <div class=\"overlay grad-180-transparent-color-black\" style=\"display: block; transition: opacity 800ms ease 0s; -webkit-transition-timing-function: ease; -moz-transition-timing-function: ease; -o-transition-timing-function: ease; transition-timing-function: ease;\"><\/div> <div class=\"swap-inner col-xs-12\" style=\"display: block; transition: all 800ms ease 0s; background-color: rgba(0, 0, 0, 0); margin-top: 0px;\"> <div class=\"row full-height-row bottom-xs\"> <div class=\"col-xs-12 color1 content-holder\"> <h4 class=\"inverted font-500\">Spezial<\/h4> <a href=\"#\" class=\"inverted italic p small\" target=\"_self\" data-cp-link=\"1\" rel=\"noopener noreferrer\"><\/a><\/div> <\/div><\/div> <\/div><\/div> <\/div><\/div> <\/div>\n\n\n<!-- wp:heading {\"align\":\"center\"}--><div class=\"gridContainer\">\n<h2 class=\"has-text-align-center\">Unsere Aufgaben<\/h2>\n<\/div><!-- \/wp:heading-->\n\n\n<div data-label=\"Content\" data-id=\"content--4\" data-export-id=\"content-1-materialis\" data-category=\"content\" class=\"content-1-materialis content-section content-section-spacing-large\" id=\"content-4\" style=\"background-color: rgb(255, 255, 255);\"><div class=\"gridContainer\"> <div class=\"row middle-xs\"><div class=\"col-xs-12 col-md-5 text-center-sm col-padding-small\" data-type=\"column\"> <h3 class=\"\">Der Bauleiter als Vertreter der Bauherrschaft<\/h3><\/div> <div class=\"col-xs-12 col-md-6 col-md-offset-1\" data-type=\"column\"><p class=\"lead\">Die Hauptaufgabe des Bauleiters beschreibt die Norm S.I.A. 118 in Art. 34 im Wesentlichen die Beschaffung der Pl\u00e4ne, die Aufsicht \u00fcber die Arbeitsausf\u00fchrung, die Pr\u00fcfung der Rechnungen und des Werkes sowie die Koordination der verschiedenen am Werk besch\u00e4ftigten Unternehmer.<br>\nDer Bauleiter \u00fcbernimmt in der Regel die in der Norm S.I.A 118 beschriebenen Aufgaben der Bauherrschaft und gilt somit als pers\u00f6nlicher Berater deren und Fachmann in den verschiedensten Themen des Bauens.\n<br>\n<br>\nFolgende Aufgaben z\u00e4hlen zu unserer Hauptaufgabe:<br>&#8211; Kostenberechnungen<br>\n&#8211; Submissionen, Vergaben und Werkvertr\u00e4ge<br>\n&#8211; Bauleitung vor Ort<br>\n&#8211; Kostenkontrolle<br>\n&#8211; Terminplanung und \u2013\u00fcberwachung<br>\n&#8211; Qualit\u00e4tskontrolle<br>\n&#8211; Ausmass, Rechnungskontrolle<br>\n&#8211; Abnahmen<br>\n&#8211; Inbetriebnahme  und Bauabrechnung<br>\n&#8211; Ob private Bauherrschaft, Planer, Investoren oder \u00f6ffentliche Hand, gerne &#8211;&nbsp; beraten wir Sie in oben aufgez\u00e4hlten Themen.<\/p><\/div> <\/div><\/div> <\/div>\n\n\n\n<div data-label=\"Content\" data-id=\"content--5\" data-export-id=\"content-1-materialis\" data-category=\"content\" class=\"content-1-materialis content-section content-section-spacing-large\" id=\"content-5\" style=\"background-color: rgb(255, 255, 255); background-image: none;\"><div class=\"gridContainer\"> <div class=\"row middle-xs\"><div class=\"col-xs-12 col-md-5 text-center-sm col-padding-small\" data-type=\"column\"> <h3 class=\"\">Leitung, Organisation und Koordination von ganzen Projekten. Von der Planung bis zur Bauabrechnung.<\/h3><\/div> <div class=\"col-xs-12 col-md-6 col-md-offset-1\" data-type=\"column\"><p class=\"lead\">Wir vertreten Ihre Interessen im gesamten Planungs- und Bauablauf:\n\n<br><br>&#8211; Koordination und Kooperation aller Projektbeteiligten<br>&#8211; Beizug von Architekten und Fachspezialisten<br>&#8211; Ablauf- und Kompetenzgerechte Einbindung der Partner<br>&nbsp; eindeutige Zuordnung von Aufgaben im Projektablauf\n<br>&nbsp; klaren Entscheidungsabl\u00e4ufe<br>&#8211; Meilensteinmanagement<br>&#8211; Schnittstellen zu Verbindungsstellen ausbilden<\/p><\/div> <\/div><\/div> <\/div>\n\n\n\n<div data-label=\"Content\" data-id=\"content--6\" data-export-id=\"content-1-materialis\" data-category=\"content\" class=\"content-1-materialis content-section content-section-spacing-large\" id=\"content-6\" style=\"background-color: rgb(255, 255, 255);\"><div class=\"gridContainer\"> <div class=\"row middle-xs\"><div class=\"col-xs-12 col-md-5 text-center-sm col-padding-small\" data-type=\"column\"> <h3 class=\"\">Kosten und Termine werden geplant, bewirtschaftet und auf<br>\ndas Ziel fokussiert abgeschlossen.<\/h3><\/div> <div class=\"col-xs-12 col-md-6 col-md-offset-1\" data-type=\"column\"><p class=\"lead\">Wir erfassen, berechnen und steuern die Kosten f\u00fcr:\n<br><br>\neine kostengerechte Abwicklung von Bauvorhaben unter Erf\u00fcllung der Zielvorgaben der Auftraggeber<br>&#8211; ein optimales Kosten-Nutzen Verh\u00e4ltnis<br>&#8211; eine laufende Kostenbewirtschaftung<br>&#8211; eine zielgerichtete Steuerung bei Kostenabweichungen<br>&#8211; die Endkostenprognose\n<br><br>\nWir planen, kontrollieren und steuern die Termine f\u00fcr:<br>&#8211; die l\u00fcckenlose Kontrolle der Termineinhaltung in der Bauabwicklung<br>&#8211; ein zielbewusstes Meilensteinmanagement<br>&#8211; eine zielgerichtete Steuerung bei Terminabweichungen<br>&#8211; die Erf\u00fcllung der Endtermine<\/p><\/div> <\/div><\/div> <\/div>\n\n\n\n<div data-label=\"Content\" data-id=\"content--7\" data-export-id=\"content-1-materialis\" data-category=\"content\" class=\"content-1-materialis content-section content-section-spacing-large\" id=\"content-7\" style=\"background-color: rgb(255, 255, 255); background-image: none;\"><div class=\"gridContainer\"> <div class=\"row middle-xs\"><div class=\"col-xs-12 col-md-5 text-center-sm col-padding-small\" data-type=\"column\"> <h3 class=\"\">Architektur<\/h3><\/div> <div class=\"col-xs-12 col-md-6 col-md-offset-1\" data-type=\"column\"><p class=\"lead\">Gerne bieten wir Ihnen Hand auch in Fragen zur Architektur. Bei Umbauten, Sanierungen und Renovationen steht oft nicht nur die Architektur im Vordergrund. Gerne beraten wir Sie, wie vorzugehen ist, oder erledigen f\u00fcr Sie auch Baueingaben und G\u00e4nge mit den Beh\u00f6rden.\n<br><br>\nSie planen Ihr Eigenheim oder m\u00f6chten an Ihrer bestehenden Immobilie Um- oder Anbauen? Durch verschiedenste Arbeiten mit Architekten, k\u00f6nnen wir Sie individuell auf Ihre Vorstellungen an das richtige B\u00fcro f\u00fchren und  mit Ihnen Ihr Bauvorhaben von Grund auf richtig aufgleisen.<\/p><\/div> <\/div><\/div> <\/div>\n","protected":false},"excerpt":{"rendered":"<p>Unsere Aufgaben<\/p>\n","protected":false},"author":1,"featured_media":0,"parent":0,"menu_order":0,"comment_status":"closed","ping_status":"closed","template":"pro\/page-templates\/full-width-page.php","meta":[],"_links":{"self":[{"href":"http:\/\/x-bm.ch\/index.php?rest_route=\/wp\/v2\/pages\/96"}],"collection":[{"href":"http:\/\/x-bm.ch\/index.php?rest_route=\/wp\/v2\/pages"}],"about":[{"href":"http:\/\/x-bm.ch\/index.php?rest_route=\/wp\/v2\/types\/page"}],"author":[{"embeddable":true,"href":"http:\/\/x-bm.ch\/index.php?rest_route=\/wp\/v2\/users\/1"}],"replies":[{"embeddable":true,"href":"http:\/\/x-bm.ch\/index.php?rest_route=%2Fwp%2Fv2%2Fcomments&post=96"}],"version-history":[{"count":6,"href":"http:\/\/x-bm.ch\/index.php?rest_route=\/wp\/v2\/pages\/96\/revisions"}],"predecessor-version":[{"id":144,"href":"http:\/\/x-bm.ch\/index.php?rest_route=\/wp\/v2\/pages\/96\/revisions\/144"}],"wp:attachment":[{"href":"http:\/\/x-bm.ch\/index.php?rest_route=%2Fwp%2Fv2%2Fmedia&parent=96"}],"curies":[{"name":"wp","href":"https:\/\/api.w.org\/{rel}","templated":true}]}}